{"id":281,"date":"2026-02-09T12:51:11","date_gmt":"2026-02-09T11:51:11","guid":{"rendered":"https:\/\/agentur-bonega.de\/?page_id=281"},"modified":"2026-02-09T12:55:50","modified_gmt":"2026-02-09T11:55:50","slug":"impressum","status":"publish","type":"page","link":"https:\/\/agentur-bonega.de\/index.php\/impressum\/","title":{"rendered":"Impressum"},"content":{"rendered":"\t\t<div data-elementor-type=\"wp-page\" data-elementor-id=\"281\" class=\"elementor elementor-281\">\n\t\t\t\t<div class=\"elementor-element elementor-element-1085d93d e-flex e-con-boxed e-con e-parent\" data-id=\"1085d93d\" data-element_type=\"container\" data-e-type=\"container\">\n\t\t\t\t\t<div class=\"e-con-inner\">\n\t\t\t\t<div class=\"elementor-element elementor-element-787681ea elementor-widget elementor-widget-text-editor\" data-id=\"787681ea\" data-element_type=\"widget\" data-e-type=\"widget\" data-widget_type=\"text-editor.default\">\n\t\t\t\t\t\t\t\t\t<h4>Herausgeber &amp; Verantwortlicher<\/h4><p><b>Mike Fried &#8211; Agentur Bonega<\/b><\/p><p>Wiesengasse 3<\/p><p>D-64291 Darmstadt<\/p><p>Telefon +49 6150 530807<\/p><p>Mail info@agentur-bonega.de<\/p><p>USt-IDNr.: DE156997525<\/p><h4>\u00a0<\/h4><h4>Gestaltung, Programmierung und Design<\/h4><p><b>Software Development Fried<\/b><\/p><p>Wiesengasse 3<\/p><p>D-64291 Darmstadt<\/p><h4>\u00a0<\/h4><h4>Rechtliche Hinweise<\/h4><p>Alle Rechte vorbehalten. Insbesondere d\u00fcrfen Nachdruck, Aufnahme in Online-Dienste und Internet und Vervielf\u00e4ltigung auf Datentr\u00e4ger wie CD-ROM, DVD-ROM etc. nur nach vorheriger schriftlicher Zustimmung durch Mike Fried erfolgen. Dieses Copyright gilt f\u00fcr Text und Bild!! Software Development Fried ist als Inhaltsanbieter f\u00fcr die eigenen Inhalte, die sie zur Nutzung bereith\u00e4lt, nach den allgemeinen Gesetzen verantwortlich. Von diesen eigenen Inhalten sind Querverweise (&#8222;Links&#8220;) auf die von anderen Anbietern bereitgehaltenen Inhalte zu unterscheiden. Die verlinkten und fremden Inhalte stammen weder von der Agentur Bonega , noch haben wir die M\u00f6glichkeit, den Inhalt der Seiten von Dritter zu beeinflussen. Die Inhalte fremder Seiten, auf die Agentur Bonega mit Hilfe von Links hinweist, spiegeln nicht unsere Meinung wieder, sondern dienen lediglich zur Information und der Darstellung von Zusammenh\u00e4ngen. Die Agentur Bonega haftet nicht f\u00fcr fremde Inhalte, auf die sie lediglich im oben genannten Sinne hinweist. Die Verantwortlichkeit liegt alleine bei dem Anbieter der Inhalte.<\/p><h4>Inhalt der Website<\/h4><p>Obwohl wir stets bem\u00fcht sind, die Informationen auf unseren Websites genau und aktuell zu halten, \u00fcbernehmen wir keinerlei Gew\u00e4hr f\u00fcr die Aktualit\u00e4t, Korrektheit, Vollst\u00e4ndigkeit oder Qualit\u00e4t der bereitgestellten Informationen. Haftungsanspr\u00fcche gegen uns oder den Autor, die sich auf Sch\u00e4den materieller oder ideeller Art beziehen, welche durch die Nutzung oder Nichtnutzung der dargebotenen Informationen bzw. durch die Nutzung fehlerhafter und unvollst\u00e4ndiger Informationen verursacht wurden, sind grunds\u00e4tzlich ausgeschlossen, sofern unsererseits oder seitens des Autors kein vors\u00e4tzliches oder grob fahrl\u00e4ssiges Verschulden vorliegt. Alle Angebote sind freibleibend und unverbindlich. Wir behalten uns ausdr\u00fccklich vor, Teile der Seiten oder das gesamte Angebot ohne gesonderte Ank\u00fcndigung zu ver\u00e4ndern, zu erg\u00e4nzen, zu l\u00f6schen oder die Ver\u00f6ffentlichung zeitweise oder endg\u00fcltig einzustellen.<\/p><h4>Verweise und Links<\/h4><p>Sofern auf Links direkt oder indirekt verwiesen wird, welche au\u00dferhalb des Verantwortungsbereiches von der Agentur Bonega liegen, haftet allein der Anbieter dieser Seiten. Wir \u00fcbernehmen durch die Verweisung keinerlei Haftung f\u00fcr die Inhalte der Verweisziele. F\u00fcr Sch\u00e4den, die aus der Nutzung oder Nichtnutzung solcherart dargebotener Informationen entstehen, haftet allein der Anbieter dieser Seiten. Diese Einschr\u00e4nkung gilt gleicherma\u00dfen auch f\u00fcr Fremdeintr\u00e4ge in von uns eingerichteten G\u00e4steb\u00fcchern, Diskussionsforen und Mailinglisten. Die Einbindung von Inhalten von der Agentur Bonega (Internetseiten in Internetseiten anderer Anbieter (iFraming) erfordert die vorherige Zustimmung von uns und es muss dabei jederzeit ersichtlich sein, dass diese Inhalte von uns sind.<\/p><h4>Urheberrecht<\/h4><p>Das Copyright aller Internetinhalte steht allein und vollumf\u00e4nglich Mike Fried zu. Eine Verwendung oder Downloads der Inhalte z. B. Grafiken, Sounds oder Texte in anderen elektronischen oder gedruckten Publikationen ist, ohne ausdr\u00fcckliche Zustimmung nicht gestattet. \u00a0<\/p>\t\t\t\t\t\t\t\t<\/div>\n\t\t\t\t\t<\/div>\n\t\t\t\t<\/div>\n\t\t\t\t<\/div>\n\t\t","protected":false},"excerpt":{"rendered":"<p>Herausgeber &amp; Verantwortlicher Mike Fried &#8211; Agentur Bonega Wiesengasse 3 D-64291 Darmstadt Telefon +49 6150 530807 Mail info@agentur-bonega.de USt-IDNr.: DE156997525 \u00a0 Gestaltung, Programmierung und Design Software Development Fried Wiesengasse 3 D-64291 Darmstadt \u00a0 Rechtliche Hinweise Alle Rechte vorbehalten. Insbesondere d\u00fcrfen Nachdruck, Aufnahme in Online-Dienste und Internet und Vervielf\u00e4ltigung auf Datentr\u00e4ger wie CD-ROM, DVD-ROM etc. nur [&hellip;]<\/p>\n","protected":false},"author":1,"featured_media":0,"parent":0,"menu_order":0,"comment_status":"closed","ping_status":"closed","template":"","meta":{"footnotes":""},"class_list":["post-281","page","type-page","status-publish","hentry"],"_links":{"self":[{"href":"https:\/\/agentur-bonega.de\/index.php\/wp-json\/wp\/v2\/pages\/281","targetHints":{"allow":["GET"]}}],"collection":[{"href":"https:\/\/agentur-bonega.de\/index.php\/wp-json\/wp\/v2\/pages"}],"about":[{"href":"https:\/\/agentur-bonega.de\/index.php\/wp-json\/wp\/v2\/types\/page"}],"author":[{"embeddable":true,"href":"https:\/\/agentur-bonega.de\/index.php\/wp-json\/wp\/v2\/users\/1"}],"replies":[{"embeddable":true,"href":"https:\/\/agentur-bonega.de\/index.php\/wp-json\/wp\/v2\/comments?post=281"}],"version-history":[{"count":7,"href":"https:\/\/agentur-bonega.de\/index.php\/wp-json\/wp\/v2\/pages\/281\/revisions"}],"predecessor-version":[{"id":296,"href":"https:\/\/agentur-bonega.de\/index.php\/wp-json\/wp\/v2\/pages\/281\/revisions\/296"}],"wp:attachment":[{"href":"https:\/\/agentur-bonega.de\/index.php\/wp-json\/wp\/v2\/media?parent=281"}],"curies":[{"name":"wp","href":"https:\/\/api.w.org\/{rel}","templated":true}]}}